{"id":9,"date":"2019-08-01T21:59:31","date_gmt":"2019-08-01T19:59:31","guid":{"rendered":"http:\/\/chegusto.fr\/?page_id=9"},"modified":"2022-03-01T13:48:04","modified_gmt":"2022-03-01T12:48:04","slug":"a-propos-de","status":"publish","type":"page","link":"https:\/\/chegusto.fr\/?page_id=9","title":{"rendered":"Qui sommes-nous"},"content":{"rendered":"<p><span style=\"color: #000000; font-family: Calibri; font-size: medium;\">L\u2019ensemble vocal Che Gusto est n\u00e9 en 2016 d\u2019une passion partag\u00e9e entre Laurence Temime et ses chanteurs pour la polyphonie ancienne et baroque. Notre nom, \u00ab\u00a0Che Gusto\u00a0\u00bb (\u00ab\u00a0Comme c\u2019est bon ! \u00bb), rend hommage \u00e0 un illustre canon du compositeur italien Antonio Caldara (1670-1736), et avec lui au plaisir savoureux de chanter \u00ab\u00a0en bonne compagnie\u00a0\u00bb dans l\u2019\u00e9coute mutuelle et l\u2019harmonie d\u2019ensemble.<\/span><\/p>\n<p><span style=\"color: #000000; font-family: Calibri; font-size: medium;\">Madrigaux italiens ou anglais, chansons polyphoniques fran\u00e7aises, messes et motets, \u0153uvres religieuses en latin, en allemand, en espagnol ou en h\u00e9breu\u2026\u00a0: notre r\u00e9pertoire, qui s\u2019\u00e9tend du XVe si\u00e8cle aux cr\u00e9ations contemporaines, n\u2019a de limite que le style.<\/span><\/p>\n<p><span style=\"color: #000000; font-family: Calibri; font-size: medium;\">Attach\u00e9 \u00e0 son ancrage dans l\u2019est de Paris, Che Gusto r\u00e9p\u00e8te deux \u00e0 quatre fois par mois, le samedi matin, \u00e0 Fontenay-sous-Bois, Montreuil et Saint-Maur-des Foss\u00e9s. Pour autant, l\u2019ensemble se produit partout, une \u00e0 deux fois par saison, le plus souvent a cappella\u00a0: festivals, concerts, r\u00e9citals priv\u00e9s\u2026<\/span><\/p>\n\n\n<hr class=\"wp-block-separator\"\/>\n\n\n\n<h3>Laurence Temime, Direction<\/h3>\n\n\n\n<div class=\"wp-block-image\"><figure class=\"alignright is-resized\"><img loading=\"lazy\" src=\"http:\/\/chegusto.fr\/wp-content\/uploads\/2019\/08\/Laurence-Temime-300x225.jpg\" alt=\"\" class=\"wp-image-201\" width=\"319\" height=\"239\" srcset=\"https:\/\/chegusto.fr\/wp-content\/uploads\/2019\/08\/Laurence-Temime-300x225.jpg 300w, https:\/\/chegusto.fr\/wp-content\/uploads\/2019\/08\/Laurence-Temime-768x576.jpg 768w, https:\/\/chegusto.fr\/wp-content\/uploads\/2019\/08\/Laurence-Temime-1024x768.jpg 1024w\" sizes=\"(max-width: 319px) 100vw, 319px\" \/><\/figure><\/div>\n\n\n\n<p class=\"has-small-font-size\">Chef de ch\u0153ur depuis 2008, Laurence Temime entre dans la\nmusique \u00e0 l\u2019\u00e2ge de 7 ans, par le piano et par le chant.<\/p>\n\n\n\n<p class=\"has-small-font-size\">D\u00e9j\u00e0 fascin\u00e9e par le foisonnement des voix et des timbres, et\npar les innombrables combinaisons harmoniques que procure le piano, elle d\u00e9couvre\nle plaisir du chant choral au Conservatoire de Fontenay-sous-Bois, puis le\nretrouve, adulte, en 2002 \u00e0 Paris, sous la direction de Carine Gutlerner,\nd\u2019Itai Daniel et de Zachary Ullery \u00e0 la Cath\u00e9drale Am\u00e9ricaine de Paris.<\/p>\n\n\n\n<p class=\"has-small-font-size\">Pendant son parcours universitaire \u2013 qui reste g\u00e9n\u00e9raliste et\n\u00e9clectique, aboutissant \u00e0 trois Ma\u00eetrises en lettres modernes, en linguistique\net en chinois, et un MBA \u00e0 l\u2019ESSEC \u2013 elle est initi\u00e9e en classe pr\u00e9paratoire \u00e0 la\nmusicologie, \u00e0 l\u2019histoire de la musique et \u00e0 l\u2019\u00e9criture dans la classe de\nSabine B\u00e9rard.<\/p>\n\n\n\n<p class=\"has-small-font-size\">Elle s\u2019initie alors \u00e0 l\u2019art lyrique. Depuis plusieurs ann\u00e9es,\nelle se perfectionne aupr\u00e8s de Christine Schweitzer \u2013 professeur de Natalie\nDessay, de Leontina Vaduva \u2013 aupr\u00e8s de qui elle puise les ressources de\ntechnique vocale, de style et d\u2019expressivit\u00e9, qu\u2019elle transmet \u00e0 ses choristes.<\/p>\n\n\n\n<p class=\"has-small-font-size\">Apr\u00e8s un d\u00e9but de carri\u00e8re en agence de communication et comme chef d\u2019entreprise dans la formation au chinois, elle se consacre exclusivement \u00e0 la musique depuis 2013. Elle dirige aujourd\u2019hui cinq ch\u0153urs, pour qui elle a sign\u00e9 plus de 150 arrangements vocaux et instrumentaux. Elle commence \u00e0 apprendre le violon en 2017 et se perfectionne \u00e0 l\u2019orchestration en 2019.<\/p>\n\n\n\n<p class=\"has-small-font-size\">Le piano reste tr\u00e8s pr\u00e9sent dans sa vie&nbsp;: en r\u00e9cital soliste ou musique de chambre et en accompagnement de chanteurs lyriques.<\/p>\n\n\n\n<p class=\"has-small-font-size\">Avec la cr\u00e9ation de Che Gusto, elle exprime pleinement son amour pour la musique de la Renaissance et baroque et pour la polyphonie vocale, sublim\u00e9e dans l\u2019art du contrepoint, qui portent et soutiennent son exigence enthousiaste dans le travail d\u2019interpr\u00e9tation, sa pr\u00e9dilection pour l\u2019\u00e9coute et le dialogue dans la d\u00e9marche a cappella et de chambre, et sa vision de la musique comme langage et discours des \u00e9motions. <\/p>\n","protected":false},"excerpt":{"rendered":"<p>L\u2019ensemble vocal Che Gusto est n\u00e9 en 2016 d\u2019une passion partag\u00e9e entre Laurence Temime et ses chanteurs pour la polyphonie ancienne et baroque. Notre&#8230;<\/p>\n","protected":false},"author":1,"featured_media":65,"parent":0,"menu_order":0,"comment_status":"closed","ping_status":"closed","template":"","meta":[],"_links":{"self":[{"href":"https:\/\/chegusto.fr\/index.php?rest_route=\/wp\/v2\/pages\/9"}],"collection":[{"href":"https:\/\/chegusto.fr\/index.php?rest_route=\/wp\/v2\/pages"}],"about":[{"href":"https:\/\/chegusto.fr\/index.php?rest_route=\/wp\/v2\/types\/page"}],"author":[{"embeddable":true,"href":"https:\/\/chegusto.fr\/index.php?rest_route=\/wp\/v2\/users\/1"}],"replies":[{"embeddable":true,"href":"https:\/\/chegusto.fr\/index.php?rest_route=%2Fwp%2Fv2%2Fcomments&post=9"}],"version-history":[{"count":11,"href":"https:\/\/chegusto.fr\/index.php?rest_route=\/wp\/v2\/pages\/9\/revisions"}],"predecessor-version":[{"id":202,"href":"https:\/\/chegusto.fr\/index.php?rest_route=\/wp\/v2\/pages\/9\/revisions\/202"}],"wp:featuredmedia":[{"embeddable":true,"href":"https:\/\/chegusto.fr\/index.php?rest_route=\/wp\/v2\/media\/65"}],"wp:attachment":[{"href":"https:\/\/chegusto.fr\/index.php?rest_route=%2Fwp%2Fv2%2Fmedia&parent=9"}],"curies":[{"name":"wp","href":"https:\/\/api.w.org\/{rel}","templated":true}]}}